be l(7). What is the greatest common factor of v and 12?
12
Let o = -59 + 103. What is the greatest common factor of o and 4?
4
Suppose -x + 0*p + 90 = -3*p, -4*p + 12 = 0. Suppose 1 = 3*r - 8. Suppose r*c = m + 3, -3*m - 6 = -3*c - 21. Calculate the greatest common divisor of x and m.
9
Suppose -4*l + 3*l + 21 = 0. Let n be (-6)/27 - 191/(-9). Calculate the greatest common divisor of n and l.
21
Suppose 12 = -3*u + 5*u. Suppose 2*n + 6 = 2*l, -3*l + 5 + 4 = 2*n. What is the greatest common factor of u and l?
3
Let m = -12 - -28. Suppose 0 = 2*z - 7*z + 55. Let a = -7 + z. What is the greatest common factor of a and m?
4
Suppose 0 = -h + 2*n + 18, h + n - 22 = -n. Let s = 155 - 90. Let c = s + -35. Calculate the highest common factor of h and c.
10
Let u = 24 + 22. What is the highest common factor of 23 and u?
23
Suppose -3*n + 190 + 74 = 0. Suppose -8*p = -148 + 60. Calculate the highest common factor of p and n.
11
Let q = 42 + -25. Let m be 6/14 + (-949)/(-7). Calculate the greatest common divisor of m and q.
17
Let w = -4 + 7. Suppose -w*g + 2 + 328 = 0. Let l = -70 + g. Calculate the highest common divisor of l and 5.
5
Let b = 93 - 69. What is the greatest common factor of 6 and b?
6
Let n = 5 + -5. Suppose -3*s - 2*l + 376 = 0, 2*s - 5*l + 6*l - 251 = n. What is the highest common divisor of 14 and s?
14
Let m be (-56)/6 + 2/6. Let x be (-142)/(-6) + (-3)/m. Suppose y = -2*u + 10, -5*u + x = -u + 3*y. What is the highest common divisor of 3 and u?
3
Let w = 21 - 18. What is the highest common divisor of 24 and w?
3
Let l = 1 + 1. Let c(p) = -p**2 + 5*p + 2. Let q be c(4). Suppose -l*k = -q*k + 252. What is the highest common divisor of 7 and k?
7
Let d be 3*10/(-12)*-8. Let z = d - 10. Let a(w) = w**3 + w**2 + w - 1. Let o be a(1). What is the greatest common factor of z and o?
2
Suppose v - 40 = -3*v. Let g(n) = n**2 - 7*n + 15. Let c be g(0). What is the greatest common factor of c and v?
5
Let o = 33 - 6. Let b = -7 + o. Let a = -4 + b. What is the greatest common divisor of a and 80?
16
Let k(p) = 2*p**2 - 9*p - 9. Let u be k(7). What is the greatest common divisor of u and 65?
13
Suppose 2*g = h + 61, -5*g - h + 51 = -98. Suppose -121*r + 119*r = -12. What is the greatest common factor of g and r?
6
Let o be 2/12*-4*-69. What is the greatest common factor of 115 and o?
23
Let k be (-705)/(-225) - 2/15. What is the greatest common factor of 2 and k?
1
Let n = 6 - 3. Suppose n*p - p - 162 = 0. Suppose 2*i + p = 319. What is the highest common factor of i and 17?
17
Suppose -4*a + 96 + 1220 = 0. Let v = a - 193. Let t be (-1)/(-5) - (-84)/5. What is the greatest common factor of v and t?
17
Let o(f) = -f**2 + f + 4. Let a be o(0). Calculate the highest common divisor of 4 and a.
4
Let u = -9 - -16. Suppose -4*t = t + 4*y - 112, -74 = -4*t + 2*y. Let c = t - 6. Calculate the highest common divisor of c and u.
7
Let j(k) be the first derivative of k**4/4 + 5*k - 4. Suppose o = -0*o. Let f be j(o). Calculate the greatest common factor of 25 and f.
5
Suppose 0 = -4*i + k - 0*k - 11, -i = 5*k - 13. Let c be (-17)/i*(6 + -4). Calculate the highest common factor of 17 and c.
17
Suppose -124 = -p - 3*p + 4*o, 65 = 2*p - 3*o. Suppose r - p = 21. What is the greatest common divisor of r and 7?
7
Suppose -7*p - 75 = -12*p. What is the highest common factor of p and 75?
15
Suppose 0*v - 900 = -9*v. What is the greatest common factor of v and 75?
25
Let d = 8 + 12. Calculate the greatest common factor of 20 and d.
20
Suppose -3*k - 3*j = -18, k = -5*j + 3 + 11. What is the greatest common divisor of 4 and k?
4
Suppose 3*j + 1 = 10. Suppose -2*y + 325 = j*y. Suppose 0 = -5*k + 5*l - 2*l + 59, 0 = -5*k - 4*l + 73. What is the greatest common factor of k and y?
13
Let y = 7 - -1. Let g(v) = 12*v + 3. Let t be g(y). What is the highest common divisor of 11 and t?
11
Suppose q - 3*m - 55 = 0, -2*q = -2*m + 4*m - 70. What is the greatest common divisor of 100 and q?
20
Let b be (-4)/(-6) - 4/(-3). Suppose -4*n = -2*n - 10. What is the greatest common factor of b and n?
1
Let a be 8/(-6) + (-2)/(-6). Let f be 4 + a - 1/(-1). Suppose -10*d + 16 + 24 = 0. What is the highest common factor of f and d?
4
Let x(j) = -2*j - 2. Let a be x(-3). Suppose a*c - 5*c = -7. Suppose -2*f = f - 63. What is the highest common factor of c and f?
7
Suppose -4*r = -o - 0*r + 1, -5*r = -o + 1. Let u(y) = y**3 + 4*y**2 - y - 1. Let v be u(-4). What is the greatest common factor of o and v?
1
Let m(p) = 5*p**2 - 9*p**2 + 3*p**2 - 10*p - 2. Let a be m(-7). Calculate the highest common factor of 171 and a.
19
Let s = 5 - 0. Let l(c) = c**3 - 2*c**2 + 1 - 3*c**3 - s*c**3. Let m be l(-1). What is the highest common factor of 1 and m?
1
Suppose -31*v - 175 = -36*v. What is the highest common divisor of 5 and v?
5
Let r be (-30)/(-45) - 50/(-6). Let f = -6 + r. What is the highest common divisor of 2 and f?
1
Let s be ((-42)/(-10))/(1/5). Let h = -9 + s. Calculate the highest common divisor of 36 and h.
12
Suppose -2*w - 3*w + 292 = 3*f, -188 = -3*w - 5*f. Suppose 28 = 3*n + n. What is the highest common divisor of w and n?
7
Let c(w) = -w**3 + 12*w**2 + 6*w - 9. Let x be c(12). Let l be (-16)/(-3)*x/12. Calculate the highest common divisor of l and 7.
7
Let u = -32 - -58. Calculate the greatest common divisor of u and 13.
13
Let r(k) = 32*k + 33. Let p be r(4). Calculate the highest common divisor of 23 and p.
23
Suppose -2*y = y - 3*q - 234, y = -q + 76. What is the highest common factor of 11 and y?
11
Let d be (-573)/(-12) + 3/12. What is the greatest common factor of d and 8?
8
Let j be 2/6 + 267/9. Let r be 5/((-1)/45*-3). What is the highest common factor of j and r?
15
Suppose -198 = -5*a - 593. Let q = a + 49. Let u be ((-4)/(-3))/((-2)/q). What is the highest common factor of 20 and u?
20
Suppose 0*g + g = 0. Let t(n) = -n**2 - n + 14. Let w(i) = 1. Let x(q) = t(q) - 5*w(q). Let d be x(g). What is the greatest common divisor of 3 and d?
3
Let n be (-487)/(-6) + 3/(-18). Calculate the highest common factor of n and 9.
9
Suppose i + c - 3*c - 57 = 0, 5*i - 4*c = 309. Calculate the greatest common divisor of i and 26.
13
Let p be 2 + (2 - 0) + 32. Suppose k + 2*k = p. Suppose -3*a + 303 = -93. Calculate the highest common divisor of k and a.
12
Let q be 3/6 + (-23)/(-2). Let n be 45/20*(-5)/((-15)/32). What is the greatest common factor of n and q?
12
Let s = 80 + 10. What is the highest common factor of s and 20?
10
Suppose -5*j + 6*j = 0, 330 = 5*k + j. What is the greatest common divisor of 33 and k?
33
Let a = -9 + 22. What is the highest common factor of 52 and a?
13
Let z(p) = 11*p**2 - 3*p + 2. Let q be z(1). Calculate the highest common divisor of 90 and q.
10
Suppose -4*z - 264 = -3*t, -4*t = t + 3*z - 411. Calculate the highest common divisor of t and 28.
28
Suppose -a - 7 = 2*c + 2, 0 = 4*c + 20. What is the highest common divisor of 1 and a?
1
Let u(x) = 2*x**2 - 14*x + 16. Let a be u(10). Let w(h) = h**3 + h**2 - 6*h + 1. Let d be w(3). Calculate the greatest common factor of d and a.
19
Suppose 0 = 5*m - 169 + 4. Calculate the greatest common factor of m and 165.
33
Let k(g) = -36*g + 4. Let h be k(-3). Let l be (-292)/(-18) - (-2)/(-9). What is the greatest common divisor of l and h?
16
Let j = -211 + 247. Let v = -217 + 99. Let l be v/(-5) - (-4)/10. Calculate the greatest common factor of l and j.
12
Let u(q) = -11*q + 2. Let c be u(-2). Suppose 2*d + 0*d - 70 = 0. Let h = d - c. What is the greatest common divisor of 121 and h?
11
Suppose 112 + 79 = d + 2*y, -y - 191 = -d. Let c = 272 - d. What is the greatest common divisor of 9 and c?
9
Suppose 3*w = 2*p + 280, 4*w + 4*p = 313 + 87. What is the greatest common factor of 12 and w?
12
Let j(l) = 2*l**2 + 7*l - 9. Let p be j(-7). Let x = 4 + -2. Suppose -2*f = -5*k, -3*k - 10 = -x*f - 2. Calculate the highest common factor of p and f.
10
Let u(s) = -s**3 - 6*s**2 + 3*s. Let z be u(-7). Suppose 10 - 2 = 2*r. Calculate the greatest common divisor of z and r.
4
Let h be (7/2 + -1)*4. Let y(x) = -4 + 0 + 2*x + 3*x + 4*x**2. Let s be y(4). Calculate the greatest common divisor of s and h.
10
Let x(j) = -3*j**2 + 7*j - 5. Let k(v) = -4*v**2 + 6*v - 4. Let d(c) = -2*k(c) + 3*x(c). Let o be d(6). What is the hi